t is z(q)?
-3
Let l(z) be the third derivative of z**7/2520 + z**5/30 + z**4/3 - 8*z**2. Let v(a) be the second derivative of l(a). What is v(-3)?
13
Let c = -2 - -6. Let l(f) = -f**3 + 5*f**2 - 13*f - 6. Let m(j) = j**3 - 5*j**2 + 17*j + 7. Let u(p) = -4*l(p) - 3*m(p). Give u(c).
-9
Let k(o) = 8*o**3 - 1. Let s(x) = x**3 + x**2 + 6. Let h be s(0). Let c(m) = 0*m - 6 + 12*m - h + m**2. Let z be c(-13). What is k(z)?
7
Let d = -6 - -8. Let f(x) = 63*x - 27*x - 34*x. Let p(y) = 2*y. Let l(i) = -7*f(i) + 6*p(i). Calculate l(d).
-4
Let k(y) = 3*y**2 - 3*y**2 - 2*y**2 - 3*y. Suppose 5*p - q + 19 = 0, -5*q + 6*q + 8 = -4*p. Give k(p).
-9
Let d be 245/(-9) - 4/(-18). Let m be 8/(-36) + 399/d. Let q be (-18)/m*(-40)/12. Let y(i) = -i**3 - 4*i**2 + 3*i - 2. Determine y(q).
-14
Let u(c) = c**3 + 3*c**2 - 8*c - 6. Let y(g) = g**2 - g - 1. Let i(s) = u(s) - 6*y(s). Let n(f) = 4*f - 140. Let l be n(36). Calculate i(l).
8
Let j = -335 - -343. Let z(k) = -k - 1. Let c be z(-3). Let r(f) = -c + 3 + f - j + 8. Calculate r(3).
4
Let p(x) = 9*x**3 + x**2. Let s be p(1). Suppose h + s = -h. Let v(w) = -939*w + 469*w + 471*w. Determine v(h).
-5
Let o(g) = -2*g**2 + 5*g - 28. Let q(m) = m + 13. Let s be q(-6). Let k(w) = -3*w**2 + 7*w - 42. Let a(b) = s*o(b) - 5*k(b). Give a(0).
14
Let m(a) = 3*a**2 + 2*a - 1. Let q be m(-3). Let w(u) = -18*u**2 + 0*u + 0*u + 1 + q*u**2. Calculate w(1).
3
Let g be -3 - (-3 - (1 + 3)). Suppose -4*x + 5*d - 20 = 0, g*x = -2*d - 14 - 6. Let n(w) = -4*w - 5. What is n(x)?
15
Let y = 3 - 1. Let v(p) = -2*p**2 - 5*p + 3. Let d(z) = z**2 + 4*z - 2. Suppose 5*t + 32 = 12. Let n(i) = t*d(i) - 3*v(i). What is n(y)?
5
Let b(h) = 84 - 43 - 45 - 3*h. Suppose -4*c + 3*m = 12, -5*m = -2*c - c + 2. What is b(c)?
14
Let v(r) = r**3 + 7*r**2 - r - 10. Let x be (-12 + 11)*9 - 2/(-1). Determine v(x).
-3
Suppose -2*y - 12 = -4*y. Let k(l) = l**3 - l**2 + 1. Let g(a) = -28*a**3 + 26*a**2 - 26. Let m(w) = y*g(w) + 156*k(w). Give m(-1).
12
Let z(m) = m + 21. Let b(v) = -v**3 + 8*v**2 + 2*v - 16. Let x be b(8). What is z(x)?
21
Let w(r) = -r**2 - 4*r - 5. Suppose 0 = 7*m - 14*m - 238. Let q = m - -30. Determine w(q).
-5
Let o(t) be the second derivative of -t**6/720 - t**5/20 - t**4/6 + 7*t. Let z(k) be the third derivative of o(k). Give z(-5).
-1
Let s(o) = -o**3 + 11*o**2 - 10*o + 4. Suppose 5*c + 4*d - 24 = 0, 25 = 4*c + 2*d + 7. Suppose c*k - 42 = -r, -4*k = -3*r - r - 32. Determine s(k).
4
Suppose n + 2 - 7 = 0. Suppose -n*f - 2 + 13 = 2*u, -3*f = u - 6. Let v(x) = -u*x**3 + 5*x**3 - x + 14*x**3 + x**3. Determine v(-1).
-16
Let j(c) = 3 + c**2 + c**3 - 2 + 11*c**2 + 2*c - 15*c**2. Let l(s) be the second derivative of s**3/6 + 3*s**2 + s. Let a be l(-3). Give j(a).
7
Suppose 6*d + 7 = 5*d + 4*u, 3*u = -d - 7. Let z(l) = -l**3 - 7*l**2 - l - 5. Give z(d).
2
Suppose -8 = -4*s + 2*f, -f + 2 = 5*s + 6. Let z(d) = 3 + 0*d - d + s - 2*d. Calculate z(6).
-15
Let p be (-1 - -3)*1/2. Let t be 22/(-4) - p/2. Let l(s) = -12 + 9 - 2865*s + 2864*s. Determine l(t).
3
Let g(y) = -y**3 - 4*y**2 + 5*y + 4. Let j(f) = 3*f - 44. Let i be j(13). What is g(i)?
4
Let p(o) = -2*o**3 - o**2 + 1. Let l(u) = 2*u**3 + u**2 - 2. Let w(b) = -3*l(b) - 4*p(b). Determine w(-2).
-10
Suppose 0 = -5*x - 2*x + 21. Let m(k) = 177 - 2*k**x - 6*k**2 + 3*k**3 - 184 - 6*k. Calculate m(7).
0
Suppose p + p + 60 = r, -4*p - 118 = -3*r. Let s(j) = 5*j + 1. Let k be s(-5). Let l = k - p. Let x(i) = -i**3 + 6*i**2 + 8*i + 6. What is x(l)?
13
Let x(u) be the second derivative of 1/20*u**5 + 0 - u - 1/6*u**3 + 1/3*u**4 - u**2. Suppose -4*k = -4*s - 32, k = -s + 4*s + 16. Give x(s).
2
Suppose 63*l - 67*l - 72 = 0. Let c(y) = -y**3 - 19*y**2 - 19*y - 24. Determine c(l).
-6
Let r(l) = -6233*l**2 + 5*l + l**3 - l + 6235*l**2 + 2. Suppose -s - 19 = -4*s - 5*x, 5*s + 30 = 4*x. What is r(s)?
-6
Let s(z) = 1. Let q(n) = n + 1. Suppose -2*u = 7*u - 81. Let f(m) = u*s(m) - 4*q(m). What is f(6)?
-19
Suppose 0*n = 7*n - 28. Suppose 2*p = n*p - 12. Let b(u) = -u**3 + 5*u**2 + 6*u - 1. Calculate b(p).
-1
Let v(d) = d**2 - 6*d - 7. Suppose 11 = -3*n - i - i, 0 = -3*n - 3*i - 15. Let r be n + (5 - 4) - -2. Suppose 3*q = r*q + 7. Calculate v(q).
0
Suppose 7*f + 144 = -11*f. Let t(a) = -a**2 - 8*a - 10. Calculate t(f).
-10
Let g(n) = -5*n**3 - 1. Let t be ((11 + -9)*(-3 + 2))/2. Determine g(t).
4
Let h(x) = x**2 - 2*x - 3. Let k(y) = -4*y - 23. Let n be k(-10). Suppose 4*d - n = -5. Suppose -i = d - 8. What is h(i)?
12
Let z(u) be the first derivative of u**4/24 - u**3 - 16*u**2 + 34. Let d(v) be the second derivative of z(v). Give d(9).
3
Let z be 1/(6/(18 + 6)). Let u(l) = -l**2 + 4. Calculate u(z).
-12
Suppose -3*f = 9*f + 36. Let p(j) = j**3 + 3*j**2 - 2*j + 1. Determine p(f).
7
Let w(f) be the third derivative of f**5/30 - 2*f**3/3 + 121*f**2. Give w(-4).
28
Let m(g) = 1 + 1 - 6 + g**2 + 3 + 4*g. Let r be (-2 - 16/(-10))/(30/300). Give m(r).
-1
Suppose 0 = 4*j - 5*z - 85, -30 - 64 = -4*j + 2*z. Let o = j + -23. Let n(t) be the first derivative of -3*t**2 - 2*t + 2. Determine n(o).
-14
Let c(o) = -3*o**2 - 4*o - 3. Let q(n) = -9*n + 19. Let h be q(2). Suppose -4*k + 0*k = -36. Suppose -k = 5*x + h. Give c(x).
-7
Let s(w) = w + 3*w + 4 - w - 2*w. Suppose 0 = 5*b - 2*x - 2, 3*b + x = 2*b - 1. Let v = -3 + b. Calculate s(v).
1
Let i be 5/(35/49) - -5. Let t(a) = a**2 - 13*a + 17. Determine t(i).
5
Suppose 0 = -k - 5 + 2. Let p(s) = 4*s - 10*s + 8*s + 4. Calculate p(k).
-2
Let z(g) = 2*g**2 - 4*g - 4. Let j be z(8). Let y(r) = -2*r - 11. Let n be y(-7). Let i(b) = 97*b**2 + 2*b**3 - j*b**2 - b**n - 7*b. Calculate i(-6).
6
Let v(p) be the second derivative of 2*p**3/3 + 6*p**2 + 5*p - 14. Determine v(-11).
-32
Let m(x) = -x**2 + 21*x - 46. Let b = 1077 - 1058. Determine m(b).
-8
Let w(d) be the first derivative of -d**4/4 - 3*d**3 + 5*d**2/2 - d + 15. Let l(r) = -r**3 - 8*r**2 + 4*r. Let j(g) = 5*l(g) - 4*w(g). Calculate j(-3).
-5
Let z(f) = f**3 + 9*f**2 + f + 13. Let i = -62 + 53. Let r = -18 - i. Determine z(r).
4
Let d(l) = l**3 + 8 + 3*l + 5*l + 4*l**2 + 6*l**2 + l. Determine d(-9).
8
Suppose 3 - 10 = -v. Let m be v - 2/((-6)/(-15)). Let c(p) be the third derivative of p**6/120 - p**5/30 - p**4/12 + p**3/2 + p**2. What is c(m)?
-1
Let n = 188 - 192. Let x(i) = -2*i - 2. Give x(n).
6
Let u(y) be the third derivative of 0*y + 9*y**2 + 0 + 7/6*y**3 - 1/24*y**4. Calculate u(8).
-1
Let f(r) = -r. Suppose q - 3*b + 13 = 0, -27 = 5*b - 52. Give f(q).
-2
Let q(d) = -d - 7. Let l(h) = 6*h + 36. Let i(y) = 2*l(y) + 11*q(y). Calculate i(6).
1
Let m(a) = a**3 + 4*a**2 - 3*a + 3. Let j(x) = -x**3 - 7*x**2 - 5*x + 9. Let l be j(-7). Suppose 0 = -7*f + 16 - l. What is m(f)?
15
Suppose 2*p + 21*p = -230. Let m(v) = v**2 + 9*v - 4. Give m(p).
6
Let f(o) = -o**3 - 5*o**2 - o + 6. Let u = 90 + -95. Give f(u).
11
Let i(z) be the third derivative of z**6/120 + z**5/30 + z**4/24 - z**3/3 + 3*z**2. Suppose 0*p = -4*p - 104. Let r = 23 + p. Give i(r).
-14
Let y(n) be the first derivative of n**3/3 - 6*n**2 + 2*n - 95. Determine y(11).
-9
Let l(f) be the third derivative of -f**5/60 + f**4/8 + 5*f**3/6 + 2*f**2. Let m = -249 - -254. Give l(m).
-5
Let s(j) = -j**2 + j + 2. Suppose 3*h - 72 = -4*d - d, 5*h = -d + 32. Let v = d - 4. Let i(p) = -p**2 + 7*p + 6. Let k be i(v). What is s(k)?
-4
Suppose -u - 3 = 3*g, 8*u - 11*u + 9 = 3*g. Let p(z) = 9 - z**3 + 4*z**2 + 3*z**2 - 2*z - 6*z. Calculate p(u).
-3
Let s(n) = -n - 4. Let w(a) = 2*a + 4. Let z(f) = 4*s(f) + w(f). What is z(-4)?
-4
Let x(z) = 7*z**2 - 2*z - 2. Let d be x(-1). Suppose d*p + 6 = 10*p. Let s(m) = 0*m**2 + m**2 + 3*m**p + m**3 - m - 4. Calculate s(-4).
0
Let l(i) = 1 + 4 + 32*i**2 - 12 - 33*i**2 + 10*i. Give l(8).
9
Let s(x) = x**3 - 4*x**2 - 2*x - 7. Let k be s(5). Let c(n) = 2*n + 0 - k + 5*n - 6*n. Give c(8).
0
Let u(w) be the second derivative of w**3/3 + 2*w**2 - 2*w. Suppose 0 = 3*d + 3 - 9. Let z = -5 + d. What is u(z)?
-2
Let s(w) = 2*w**3 + 47*w**2 - 75*w - 4. Let h be s(-25). Let j(p) = -14*p - 51. Determine j(h).
5
Let f(i) = 4*i + 1. Let y = -20 + 18. Let s be f(y). Let a(h) = -h - 10. Calculate a(s).
-3
Let z(p) = p**2 + 5*p - 1. Suppose -38 = 7*r - 24. Give z(r).
-7
Let w(j) = j + 3. Let a = -2 + 7. Let l be w(a). Let y(o) be the first derivative of -o**4/4